9. Let f = 46 - r. What is the tens digit of f - -6*(-1)/2?
1
Let c(d) = 669*d + 40. What is the units digit of c(1)?
9
Let g(w) = w**3 + 6*w**2 + 6*w + 7. Let o be g(-5). Suppose -m = -3*p + 380, -5*m + o*m = -2*p + 251. What is the hundreds digit of p?
1
Let v(j) = 2*j**2 - 5*j - 1. Suppose -3*z + 22 = 2*o, 4*z - 22 + 6 = 0. What is the units digit of v(o)?
4
Let z = 504 - 165. What is the tens digit of z?
3
Let h = -3 - -10. Let p = h - 2. Suppose 2*g + p*y - 28 = -11, -4*g + 79 = -5*y. What is the units digit of g?
6
Let m(z) = z**2 + 6*z - 3. Let y be m(-7). Let h(l) = -4*l + 4. Let k be h(y). What is the units digit of 53/6 - 2/k?
9
Suppose 0 = -s - 0*s + 29. Suppose -2*d = -3*d + s. Let x = d + -13. What is the tens digit of x?
1
Suppose 7*z - 4*j - 699 = 6*z, 1403 = 2*z - 3*j. What is the tens digit of z?
0
Let h(l) = 9 + 12 - 137*l + 11 - 30. What is the hundreds digit of h(-1)?
1
Suppose 0 = x - 4*m + 10, -4*x - 38 = -7*x - 5*m. Let i = 13 - x. Let h = i + 7. What is the units digit of h?
4
Let j = 2846 - 1269. What is the tens digit of j?
7
Let z = 11 - 1. Suppose -z*p + 2*p + 296 = 0. What is the tens digit of p?
3
Let x(f) = -f - 1. Let o be x(-6). Suppose -4*r + 0*v = -4*v + 8, o*r - 11 = -2*v. Let b(w) = 61*w**3 + 3*w**2 - 1. What is the tens digit of b(r)?
6
Let w = 1214 - 597. What is the units digit of w?
7
Let g(w) = 26*w**2 + w + 1. Let s be g(3). Let z = -95 + s. What is the hundreds digit of z?
1
Let d = 4155 - 506. What is the tens digit of d?
4
Suppose 5*n - 19 + 24 = 0. What is the tens digit of n*(-90 + (-1)/(-1))?
8
Let r = 62 + -14. What is the units digit of (-27)/(-1) - r/12?
3
Let n = 19 + -16. What is the tens digit of n/(-2)*4*-16?
9
Suppose -20*d = -5*d - 2100. What is the hundreds digit of d?
1
Let i(m) = m**3 + 7*m**2 - 7*m + 5. Let c be i(-8). Let t = c - -49. What is the units digit of t?
6
Let f be -2 + -1 + 0 + (1 - -11). Let b(y) = -y**3 + 11*y**2 - y + 6. What is the hundreds digit of b(f)?
1
Let c = -283 + 683. What is the tens digit of c?
0
What is the tens digit of (-99)/(-2)*(-12036)/(-531)?
2
Suppose 3*y = 9*y - 120. Suppose -v + 352 = 5*h, 2*v - 54 = -h + y. What is the tens digit of h?
7
What is the hundreds digit of 85/340 - (-5915)/4?
4
Let r(s) be the first derivative of s**4/4 - 17*s**3/3 - 7*s**2 - 6*s - 16. What is the units digit of r(18)?
6
Let r(p) be the first derivative of -p**2 - 7*p - 8. Let i be r(-5). Suppose -5*t = 4*d - 193, 132 = i*t - 0*t - 3*d. What is the tens digit of t?
4
Suppose -6*t = -4*c - 3*t + 37, c = 4*t + 6. What is the tens digit of c?
1
Suppose 0 = 7*b + 206 + 277. Let j = 123 + -20. Let f = j + b. What is the units digit of f?
4
Suppose 1412 = 136*m - 134*m. What is the hundreds digit of m?
7
Let a be (0/6)/(-2 - 0). Let g be (-1 - (a + -3)) + 4. Suppose 2*o = g, -2*s = -0*s - o - 21. What is the tens digit of s?
1
Let a(o) = -1 + 3*o - 4 + 6*o - 4*o**3 + 7*o**2 + 3*o**3. Let m(c) = -c**3 + 13*c**2 + 16*c - 20. Let f be m(14). What is the units digit of a(f)?
3
Let p(a) = a**2 + 10*a - 8. Suppose 0*f = f - 5. Suppose f*l + 12 = -u, -4*l + 60 = -5*u - l. What is the units digit of p(u)?
6
Let i = -163 + 73. What is the tens digit of i/(-12)*(-48)/(-15)?
2
Suppose -7*z + 11*z = 2*j - 62, 2*z = 3*j - 73. What is the tens digit of j?
2
Let t be (-2)/(-4) - 14/(-4). Let x be 26/6 - (-2 + (-14)/(-6)). Suppose x + t = c. What is the units digit of c?
8
Let v = -8 + 10. Let m(r) = r**v + 3 + 1 + r - 2. What is the units digit of m(-4)?
4
Let r(j) = -70*j + 71*j + 7 + 5. What is the units digit of r(-4)?
8
Let n = -48 - -45. What is the hundreds digit of -3*(-2 - (-208)/n)?
2
Let r be (-7270)/(-60) + (-2)/12. Suppose -3*s + r = -2*m, 3*s - 3*m - 125 = m. What is the tens digit of s?
3
Let n(s) = 2*s**2 + 2*s - 3. Let z be n(-3). Suppose -4*p - 1 + z = 0. Suppose 95 = 3*y + p*x - 6*x, 149 = 5*y - 2*x. What is the tens digit of y?
2
Suppose k - 2114 = -5*f + 807, -3*f + 11667 = 4*k. What is the hundreds digit of k?
9
Let g(i) = 9*i - 6. Let b be (1*(-12)/4)/(-1). Suppose b*o - 4*v - 12 = 0, 5*v = -2*o - 0*v + 8. What is the units digit of g(o)?
0
Let o(p) = -113*p + 10. What is the tens digit of o(-1)?
2
Suppose 774 = 3*d + 249. Suppose -53 - d = -4*q. What is the tens digit of q?
5
Let q(v) = -7*v**3 + 3*v**2 + 15*v + 11. Let u(n) = -11*n**3 + 4*n**2 + 22*n + 16. Let o(g) = -8*q(g) + 5*u(g). What is the tens digit of o(7)?
6
Let q(h) = -h - h + 5 + h + 0*h. Let f be q(7). What is the tens digit of ((-3)/3)/(f/44)?
2
Let a(u) = u + 2. Let v be a(0). Let j(h) = 8*h + 10*h**2 - 3 + 4*h - 12*h**v. What is the units digit of j(5)?
7
Let n = 171 - 71. Let g = n - -36. Suppose -g = -4*p + 3*c, 5*p - 74 = 3*p + 3*c. What is the units digit of p?
1
Let w(i) = 9*i**3 + i**2 - 26*i + 40. What is the units digit of w(6)?
4
Suppose -1764 = -3*s + 3*l, -1423 - 954 = -4*s - l. What is the units digit of s?
3
What is the hundreds digit of ((-14733)/(-6))/((-15)/(-10))?
6
Let s = 85 - 79. What is the tens digit of 905/7 - s/21 - -1?
3
Suppose -d - 3*f = 0, 5*d = 2*f + 26 + 8. What is the tens digit of 380/d + (-1)/3?
6
Let r = -490 + 1501. What is the tens digit of r?
1
Let k be -21*(4 - 136/12). Let f = k + -30. What is the hundreds digit of f?
1
Let x = -25 - -9. Let g = x - -42. What is the tens digit of g?
2
Let s(v) = 20*v**2 + 28*v - 123. What is the units digit of s(6)?
5
Suppose 48 = 4*x + 24. What is the tens digit of 755/x - (-1)/6?
2
Let s(o) = -3*o**3 - 11*o**2 - o + 14. What is the tens digit of s(-8)?
5
Let m(f) = -f**3 - 6*f**2 - 5*f - 4. Let l be m(-5). Let s be 0 + 2/l*-8. What is the units digit of ((-36)/(-30))/(s/10)?
3
Let x be (-48)/((-16)/4)*15. Let o = -125 + x. What is the tens digit of o?
5
Let a be (8/10)/(6/360). Suppose -5*o = 3*q - 197, q - 4*o = 12 + a. Suppose -3*r - q = -4*w, 0*w + w + 2*r = 5. What is the units digit of w?
3
Let d(w) = 3*w**2 - 4*w + 5. Suppose -5*i + 0 = -4*y + 8, -2*i + 5*y = -7. What is the tens digit of d(i)?
6
What is the tens digit of ((0 + 246)/2)/((-42)/(-714))?
9
Let u(y) = 3*y**2 - 10*y - 22. Let q be u(11). Let o = -15 + q. What is the hundreds digit of o?
2
Let t = -7 + 26. Let n be (-440)/(-16) + (-3)/(-6). Suppose -n = 17*v - t*v. What is the units digit of v?
4
Let p = -34 + 397. What is the hundreds digit of p?
3
What is the units digit of (-281250)/(-165) + 12 + (-12)/22?
6
Let s be 1*3 - (10 + -5). Let b be (-514)/(-14) + s/(-7). Let c = 71 - b. What is the tens digit of c?
3
Suppose -5*o + 0 = 60. Let f(a) = -9*a - 7. Let n be f(o). Suppose -j + n = 2*j - l, -3*j = -4*l - 98. What is the units digit of j?
4
Let v(y) = -5*y**2 - 68*y + 31. Let p(t) = t**2 + 17*t - 8. Let u(d) = 9*p(d) + 2*v(d). What is the units digit of u(11)?
6
Suppose 0 = 3*v - n + 1040 - 280, -4*n = -16. Let l = -122 - v. Suppose -60 = -2*j - 4*x, -2*x = 4*j - 4*x - l. What is the tens digit of j?
3
Let q be ((-147)/28)/(3/(-8)). Let a = -7 + q. What is the units digit of a?
7
Suppose -3*w + 6*w + 5*y = 1538, 0 = w + 3*y - 506. What is the tens digit of w?
2
Suppose -989 - 131 = -t + 2*v, 3*t - 3374 = -v. What is the thousands digit of t?
1
Let p(d) = -d - 11. Let r be p(-8). Let x = 10 - 13. What is the units digit of (r/x)/1 + 4?
5
Let n = 1157 - 853. What is the units digit of n?
4
Suppose 0 = -9*m + 1036 + 2303. What is the hundreds digit of m?
3
Let w(g) = 18*g + 0 + 7 + 7. What is the tens digit of w(7)?
4
Let r(q) = -5*q**3 - q**2 - 6*q + 10. Let m(w) = w**3 - w**2 - w. Let l(d) = -6*m(d) - r(d). Let u be l(8). What is the tens digit of 246/u - (-10)/(-55)?
1
What is the thousands digit of 0/(-2) + 4679 + 262 + -263?
4
Let k(r) = -3*r. Let q = 11 + -20. What is the units digit of k(q)?
7
Let x(w) = 29*w + 25. What is the hundreds digit of x(7)?
2
Let f(n) = -n**3 + 7*n**2 + 9*n - 2. Let u be f(6). Let a be (u/(-20) - 4)*-10. Suppose 2*k + 0*k - a = 0. What is the tens digit of k?
4
Suppose -47*g + 43*g = -3312. What is the units digit of g?
8
Let y = 7407 + -2962. What is the thousands digit of y?
4
Let i(u) = -u**3 + 6*u**2 + 3*u + 13. Let y be i(7). Let r be 330/y + 1*-2. Let x = 3 - r. What is the tens digit of x?
2
Let n(v) = -294*v + 399. What is the thousands digit of n(-9)?
3
Let w(o) = 2*o**3 - 4*o**2 - 26*o + 65. What is the hund